v - 24 = 0. What is the greatest common divisor of v and 20?
4
Let n(j) = j**3 + 4*j**2 - 5*j + 2. Let v be n(-5). Let l = 10 - v. What is the greatest common factor of l and 16?
8
Let p(t) = -t**3 - 12*t**2 - 13*t - 3. Let k be p(-11). Let f = -8 + k. Calculate the greatest common factor of 99 and f.
11
Let k be -1 + (2/1 - -38). Let p = 63 + -37. Calculate the greatest common factor of k and p.
13
Let b be -33*(44/(-12) + 4). Let f = 1 - b. What is the highest common factor of 60 and f?
12
Let l(j) = -12*j + 8. Let q be l(-14). Calculate the highest common factor of q and 16.
16
Let m be (1/(-1))/((-12)/(-72)). Let d = m - -17. What is the highest common divisor of d and 121?
11
Let u = 38 + -21. Calculate the highest common factor of 17 and u.
17
Let v = 32 + 28. Calculate the greatest common factor of v and 12.
12
Let v(b) = b**3 + 3*b**2 - 2. Let r be v(-2). Suppose -60 = -4*y - 4*c, 4*y - 5*c = 3*y + 3. Let p = y - 9. Calculate the highest common factor of p and r.
2
Let k = -75 - -139. Calculate the greatest common factor of k and 160.
32
Let p be (5 - (-50)/(-6))*186/(-4). What is the highest common factor of p and 62?
31
Let t(p) = p**3 - 6*p**2 - 16*p + 7. Let r be t(8). Calculate the highest common factor of 70 and r.
7
Suppose -4*d = -4*q - 364, -5*q - 167 = 2*d - 4*d. Suppose 2*u = -2*u + d. Calculate the highest common factor of 6 and u.
6
Let n be (-186)/9 - 4/(-6). Let y be (168/(-10))/(6/n). Calculate the highest common divisor of 8 and y.
8
Let x = -156 + 162. Calculate the greatest common factor of x and 3.
3
Let p = -80 - -144. Let x = 8 - 15. Let y = 9 - x. What is the highest common factor of y and p?
16
Suppose 0 = 2*h - 7*h - 25, -2*p = -2*h - 70. Calculate the highest common factor of 6 and p.
6
Let m be ((-225)/6)/(3/(-18)). Calculate the greatest common divisor of m and 25.
25
Let c be (-10)/(-4) + 2/(-4). Suppose 0*k = k - 16. Calculate the greatest common divisor of c and k.
2
Let x(p) = p**2 + 7*p - 18. Let j be x(12). Suppose 9*h - j = 4*h. Calculate the greatest common factor of h and 6.
6
Suppose 5*b - 5*x = -20, -3*b + 11 + 2 = 2*x. What is the highest common factor of 1 and b?
1
Let a be ((-15)/(-6))/(3/6). Let s be (10/(-6))/(a/(-45)). Calculate the greatest common divisor of 105 and s.
15
Let y be -440*((-8)/5)/4. What is the greatest common divisor of 22 and y?
22
Let r be (15/9 - 1)*3. Let y(v) = v - 6. Let o be y(4). Let d be (r + o + 81)*1. What is the highest common divisor of d and 9?
9
Let y(r) = -5*r**2 + 7*r - 6. Let v(i) = 9*i**2 - 13*i + 12. Let o(g) = 4*v(g) + 7*y(g). Let m be o(4). Calculate the greatest common factor of 25 and m.
5
Let o = -5 - -92. What is the greatest common divisor of o and 29?
29
Let h = 7 + -27. Let w be (-6)/1*(-14)/(-3). Let q = h - w. Calculate the greatest common divisor of 1 and q.
1
Let n be (-3)/(-5) - 44/(-10). What is the highest common factor of 80 and n?
5
Let b = 17 + 4. Calculate the greatest common factor of 105 and b.
21
Let g(f) = -f**2 + 13*f - 5. Let z be g(10). What is the highest common divisor of 25 and z?
25
Let z be (-20)/2*(1 + -2). Suppose -3*c + 517 = -845. Suppose -8*k + 2*d = -3*k - c, 2*d = -2*k + 176. What is the greatest common factor of k and z?
10
Let v(t) = -t + 20. Let w be v(14). Let n = 12 - w. Calculate the greatest common factor of n and 6.
6
Let l(p) = p**2 + 3*p + 2. Let o be l(-4). What is the highest common factor of o and 4?
2
Suppose -5*d - 3*t + 13 = 0, -4*d + 2*d = -3*t - 22. Calculate the highest common factor of d and 1.
1
Let i(x) = -x**2 + 3. Let c be i(0). Suppose -c*b - 17 = -89. Suppose -18 = -t + 18. What is the greatest common factor of t and b?
12
Let s be 7/35 - (-26)/(-5). Let w be (-3)/15 - 21/s. Suppose -c + w = 2. Calculate the greatest common divisor of 14 and c.
2
Suppose -3*y + 3 = 6. Let w be -11*(y + 0)*1. Let p(t) = 2*t**2 + 38*t + 15. Let a be p(-20). What is the greatest common factor of w and a?
11
Suppose -20 = 111*r - 116*r. Let m(n) = 2*n**2 + n - 1. Let j be m(1). Let q be j - (0 + 4) - -12. Calculate the greatest common factor of r and q.
2
Suppose 3*g + 4 - 21 = -2*p, 0 = p - g - 21. What is the greatest common factor of 4 and p?
4
Let w = 52 - 30. Let g be -1 - -1 - (-528)/8. What is the highest common factor of g and w?
22
Suppose 0 = -5*i + 9*i - 88. Calculate the greatest common divisor of i and 11.
11
Suppose -535 = 2*z + 251. Let m = -267 - z. Calculate the highest common divisor of 18 and m.
18
Suppose -23 + 59 = 3*h. Suppose -2*t = -t - 2. Calculate the highest common divisor of t and h.
2
Suppose 9 + 3 = 2*b. Let z = b + -3. Suppose -1 = n - 2*n. What is the highest common divisor of n and z?
1
Suppose 3*n = -0*n + 3*m + 78, 3*n + 2*m = 83. Let x = n + -13. What is the greatest common factor of x and 112?
14
Suppose 0 = -0*f - 4*f + 4. Let l be (3 - 7)/(f - 3). Calculate the greatest common divisor of 16 and l.
2
Let c = 163 + -75. What is the highest common divisor of c and 22?
22
Let g be 0 + (4 - (1 - 0)). Suppose -h = -5*o + 10, 4*h - g*o - 30 = -2. Let f = h + -4. What is the highest common divisor of f and 15?
3
Let m(w) = -w**3 + 9*w**2 + 11*w - 8. Let y be m(10). What is the greatest common divisor of y and 1?
1
Let w(o) = o**3 + 0*o**3 + 3*o**2 - o - o - 2*o**2. Let c be w(-2). Suppose 0 = 3*u - c*u - 462. What is the greatest common divisor of u and 14?
14
Let o be (-2)/6 + (-265)/(-3). Let s(i) = -i**2 + 20*i + 232. Let x be s(28). Calculate the highest common factor of x and o.
8
Let n(p) = 39*p**2 - p + 5 - 5. Let z be n(-1). Calculate the greatest common divisor of z and 16.
8
Suppose -4*m = -m - 9. Suppose 5*l - 2*l = 0. Suppose l = 5*s - o - 148 + 31, 0 = 2*s - 2*o - 42. What is the greatest common divisor of m and s?
3
Let t be (-18)/((2 - 0)/(-4)). What is the highest common divisor of t and 54?
18
Let g = 2 - 0. Let a be 3/(-6) + 31/g. Calculate the highest common factor of 5 and a.
5
Suppose s = 3*t - 436, 4*t - 596 = -s + 6*s. What is the highest common divisor of t and 9?
9
Let m be (-146)/(-10) - (-4)/10. What is the greatest common divisor of 45 and m?
15
Let b be -3 - (-15 - -1) - -1. Let g = b + -4. Calculate the highest common factor of g and 64.
8
Suppose 25 = 4*r + x, 4*x = -3*r + 3 + 32. Calculate the highest common divisor of r and 45.
5
Let g = 204 - -181. Suppose g = 12*l - 7*l. Calculate the greatest common divisor of l and 7.
7
Let r(q) = 2*q**2 + q - 2. Let c be r(2). Let b be 92/16 - (-2)/c. Let s be (0 - 2)/((-4)/b). What is the highest common factor of s and 1?
1
Suppose -y - 12 = -3*i - 4*y, 6 = 3*y. Let s(d) = 4*d**2 + d. Let p be s(i). What is the greatest common divisor of p and 27?
9
Let h = -6 - -4. Let p be (-1 - -3)*(-1 - h). Suppose i - 4*z - 52 = 0, 0 = -8*i + 4*i + p*z + 180. Calculate the greatest common divisor of 4 and i.
4
Suppose -4*w - 3*i = 20, i - 11 - 17 = 3*w. Let d(o) = o**3 + 8*o**2 - 2*o + 5. Let s be d(w). What is the highest common divisor of s and 3?
3
Suppose 0 = -6*b + b + 325. Calculate the greatest common divisor of b and 26.
13
Suppose v = 2, q = 5*q - 5*v - 426. Let r = 60 - q. Let y = r - -88. What is the greatest common factor of 26 and y?
13
Let s be (-5)/(-20) + (-527)/(-4). Calculate the highest common factor of s and 12.
12
Let n = -56 - -216. Calculate the greatest common divisor of n and 32.
32
Suppose n - 28 = -3*n. Let s(u) = u**2 - 5*u - 7. Let m be s(6). Let t be 1/((-2)/(m - 153)). What is the greatest common divisor of t and n?
7
Let k = 1 - 1. Let u = 4 + k. Calculate the highest common divisor of 4 and u.
4
Let d = 117 - 81. What is the greatest common divisor of d and 9?
9
Let z = 18 - 8. Calculate the highest common factor of z and 70.
10
Suppose -t = 5*l - 34, -46 = -2*t + 2*l - l. What is the highest common factor of t and 8?
8
Let f(s) = s**3 - 3*s**2 + 7. Let a be f(3). What is the greatest common factor of a and 7?
7
Let f = -35 - -83. Suppose -5*n - 79 = -3*x, -n + 65 + f = 4*x. Suppose 16*k = 14*k + 14. Calculate the greatest common factor of k and x.
7
Suppose 6*s - 2*s = 52. Let u be (-4)/(8/(-238)) + -2. What is the highest common factor of u and s?
13
Let u(d) = 4*d**2 - d. Let m = -3 + 2. Let g be u(m). Suppose -2*h - 5*a + 23 = 0, a - 26 = -g*h - a. What is the greatest common divi